nd y.
3
Let h be 44/55 + (-84)/(-20) - -3. Let p = 0 + 2. Suppose 0 = p*m - 6 - 10. What is the greatest common factor of h and m?
8
Let j(r) = -r**2 - 22*r + 44. Let o be j(13). Let d = o + 473. What is the highest common factor of d and 31?
31
Let w = 30 - 13. Suppose 1402 = 3*k - 5*m, -k - 2*m = -0*k - 449. What is the greatest common factor of k and w?
17
Suppose -60 = -5*h + 360. Let g be (10/(-4))/((-7)/84). Let b be (-6 - (-185)/g) + 142/12. What is the greatest common divisor of h and b?
12
Let d(u) = -224*u + 65. Let i be d(-2). Calculate the highest common factor of 6 and i.
3
Let f(g) = 32*g**2 + 38*g + 714. Let v be f(-34). Calculate the highest common factor of v and 126.
126
Suppose 1 = -3*o + 2*o. Let z be 18/(o + -2) - (-2)/(-1). Let a be (98/z)/(-2*1/16). Calculate the highest common divisor of a and 14.
14
Let k be 66/55 - 2124/(-30). What is the highest common factor of k and 2664?
72
Suppose -9*q = 5*q - 546. Suppose -q*x + 36*x + 6 = 0. Calculate the highest common divisor of x and 18.
2
Let u be (-2)/3*(-1071)/102. Let b(k) = -k**3 - 2 + 15*k + 5 + 2*k**3 - 9*k**2. Let r be b(u). Calculate the greatest common divisor of 110 and r.
10
Suppose 6*o + 22693 = -47*o + 144116. Calculate the greatest common factor of 237 and o.
79
Let v = -1122 + 3131. What is the highest common factor of v and 41?
41
Suppose 0 = 4*x - 20, 102*d - 215 = 100*d - x. What is the highest common factor of d and 245?
35
Suppose -48 = -2*s - s. Let r(u) = u**2 - 8*u + 12. Let v be r(2). Suppose -8*n + 279 - 215 = v. What is the greatest common divisor of s and n?
8
Suppose 0 = 249*f - 9438 - 5004. What is the greatest common divisor of f and 10962?
58
Let l(n) = -21*n - 44. Let y(i) = -4*i - 9. Let o(k) = -2*l(k) + 11*y(k). Let b be o(11). Let u = -3 - b. Calculate the highest common divisor of u and 45.
15
Suppose 0 = 3*u - 2*k - 45757, 62*u - 66*u = -3*k - 61010. What is the highest common factor of u and 151?
151
Let b(q) = -q**3 - 65*q**2 + 105*q + 3574. Let w be b(-66). Calculate the highest common factor of w and 60.
20
Let a be (-3)/(4/(68/(-3))). Suppose -4*s + 15 = -x, 9 = 2*x - s + 6*s. Let o = a + x. What is the highest common divisor of 98 and o?
14
Suppose 847 + 163 = -10*q. Let y = -93 - q. What is the highest common divisor of 8 and y?
8
Suppose s + 4*w - 217 = 0, 2*s + 0*s + 4*w - 438 = 0. What is the highest common factor of 459 and s?
17
Let d be (58*5/(-15))/(4/(-78)). Calculate the highest common factor of d and 58.
29
Let a be 12 - (15 + (13 - 112)). Calculate the highest common factor of 888 and a.
24
Let m = 16 - 34. Let d be m/(-12) + 6/(-4). Suppose 3*i + 2*c - 6*c = 401, -5*i + 3*c + 672 = d. What is the greatest common factor of 15 and i?
15
Suppose 9 = 3*t, -t - 5 = -a - 4. Let w(q) = -q**3 + 9*q**2 - 13*q - 12. Let m be w(a). Calculate the highest common factor of m and 40.
8
Let c = -13134 + 17774. What is the highest common divisor of 120 and c?
40
Suppose 28*b - 19*b = -252. Let a be (b/8 + 3)/((-9)/6750). What is the highest common factor of 30 and a?
15
Suppose -4*c - 65 = -x + 78, -340 = -2*x - c. Calculate the highest common factor of 18871 and x.
167
Let r(v) = -2*v + 208. Let t be 1*-3*(4200/45)/(-14). Let d be r(t). What is the highest common factor of 36 and d?
12
Suppose -5*t = -5*g - 75, -18*t - 4*g = -15*t - 38. Let l(v) = 14*v - 7. Let f be l(6). Calculate the highest common divisor of f and t.
7
Suppose -2*d + 4 = i - 52, -3*i - 40 = -2*d. Suppose b = -d + 29. Let u be (-64 + 100)*2/(8/3). What is the highest common divisor of u and b?
3
Suppose 2*o = 998 - 952. What is the highest common divisor of 2300 and o?
23
Let o(q) = -146*q - 15. Let d be o(-3). Suppose 3*z = -5*t + t + d, 2*t - 215 = -5*z. Suppose h + t = 8*h. Calculate the highest common divisor of 15 and h.
15
Suppose 2125 = 3*f - 2*w + 4*w, -2*w = -5*f + 3515. Calculate the greatest common factor of f and 1551.
141
Let n(s) = 10*s - 40. Let c be n(15). Calculate the highest common factor of 2486 and c.
22
Let o = -12 + 4. Let v(q) = 4*q + 30. Let t be v(o). Let f = 16 + t. What is the greatest common divisor of 98 and f?
14
Let s(p) = -10*p - 95. Let y be s(-10). Suppose y*v - 359 = a, -2*a + 69 = v - 5*a. What is the greatest common divisor of 168 and v?
24
Suppose -3*v + p - 63 = 5*p, p + 42 = -2*v. Let u be (v/2)/(4 + 36/(-8)). Let g be (-6)/u - ((-2124)/14)/6. What is the highest common factor of 10 and g?
5
Suppose -4*z = -5*z + 15. Let j be 186/(z*(-1)/(-10)). Calculate the highest common divisor of j and 434.
62
Let c be 482/5 - (-6)/(-15). Suppose 0 = -6*g - 30 + 108. Let l = g - -11. What is the greatest common divisor of c and l?
24
Suppose -353*v - 60 = -356*v. Let d(x) = -x**2 + 6*x - 1. Let t be d(5). Suppose -t*m + m = -480. Calculate the greatest common divisor of m and v.
20
Let p = 23361 - 21070. What is the greatest common divisor of p and 711?
79
Let f = -108 + 127. Let i = -19 + f. Suppose 3*b - b - 3*u - 125 = i, -50 = -b - u. Calculate the greatest common factor of 55 and b.
55
Suppose -111*c = -52*c - 90*c + 31310. What is the highest common factor of 50 and c?
10
Let w be 189/2*48/9. Suppose 4*u + w = 11*u. What is the greatest common divisor of u and 27?
9
Let k = 1190 + -845. Let l = k - 333. What is the greatest common factor of 444 and l?
12
Let z(w) = w**3 + 25*w**2 + 20*w + 9. Let n be z(-24). Let b = 33 + -19. Let v(h) = 2*h - 13. Let a be v(b). What is the greatest common factor of n and a?
15
Let o = 54 - 52. Suppose 0 = -3*b - 2*u - 6, o*u + 2 = -2*b - 2. Let c be 1/(1/(-48)*b). What is the greatest common divisor of 6 and c?
6
Let c be (-16)/120 - -55492*(-1)/60. Let q = -922 - c. Let k(h) = h**3 - 2*h**2 + 2*h - 3. Let i be k(2). What is the highest common divisor of i and q?
1
Let n be 4/32 + -1*(-1)/(-8). Suppose n = -7*b - 19*b + 2080. What is the greatest common divisor of 64 and b?
16
Suppose 0 = -79*o + 83*o - 272. Suppose 73*f = o*f + 1210. What is the highest common divisor of 2 and f?
2
Suppose -3240 = -37*p - 53*p. Suppose 0 = 3*h + f - 166, -h + 5*f = h - 88. Let c = h - p. What is the greatest common factor of c and 45?
9
Suppose -j + 40 = j + 2*c, -59*c + 64*c = 0. Let x = 183 + -63. Calculate the greatest common divisor of j and x.
20
Suppose 24 = 4*w - 70*d + 71*d, -4*w = -5*d - 24. What is the greatest common factor of 87 and w?
3
Let a(q) be the third derivative of 5*q**4/6 + 85*q**3/2 - 4*q**2 + 5*q. Let w be a(9). Calculate the greatest common divisor of 45 and w.
15
Suppose 250 = 2*h + 2*y, -5*y - 396 = -3*h - y. Suppose 6*w - 27*w = -46*w + 600. Calculate the highest common factor of w and h.
8
Let w be (-423)/(-4 - (-11)/3). Calculate the highest common divisor of 27 and w.
27
Let w(i) = 7*i**2 + 44*i + 233. Let a be w(-37). Calculate the greatest common factor of a and 92.
92
Suppose -23 = -n + 3*n + 5*w, 3*n - 3*w - 18 = 0. Let x be -12*(-16)/24*n. Calculate the highest common divisor of 416 and x.
8
Suppose -98 = -13*y + 71. Let t = 21 - 33. Let k be (-140)/t - 16/(-12). Calculate the highest common divisor of y and k.
13
Let x be (-13)/(3 - 3/(60/64)). Suppose 11 = -2*t + x. What is the greatest common factor of 279 and t?
9
Let p be (3891/(-15) - -6)/((-6)/(33 + -3)). Calculate the highest common divisor of p and 28.
7
Let g = 6 + -4. Let o be g/3 - 364/(-39). What is the greatest common factor of 15 and o?
5
Let g(s) = s - 11. Let o be g(35). Suppose -5*n - 2*j = -84, 2*n = j + 6 + o. Calculate the greatest common factor of n and 6.
2
Let q(u) = 6*u - 10. Let k be q(3). Suppose 5*i - 161 = -4*m, -3*i + k*m = 3*m - 67. Let h = -38 - -67. What is the greatest common divisor of h and i?
29
Suppose 0 = -7*t - 30 - 138. Let i = 26 + t. Let x be (1*(-3 - 107)/i)/(-1). Calculate the greatest common divisor of 5 and x.
5
Suppose 41 + 59 = 25*z. Let h = -16 + 14. Let t be 21 + -16 + h + -1. What is the highest common factor of t and z?
2
Suppose 5*z + 12*s - 180 = 9*s, 3*z + s - 112 = 0. Calculate the greatest common factor of z and 299.
13
Let t(l) = -82*l - 15. Let z be t(2). Let f = z - -250. Let u = 95 - f. Calculate the highest common factor of 36 and u.
12
Let p be (1/6*-8)/(-3 + 807/270). Calculate the greatest common factor of 110 and p.
10
Let k be (-4048)/(-25) - (-62)/775. Cal